Let l(c) = 18*c**2 + 5*c - 6. Let y be l(-9). Suppose 280 + 72 = f + j, -3*j + y = 4*f. What is the highest common divisor of 27 and f?
27
Suppose 5671 + 17310 = 6*t + 3907. What is the highest common divisor of t and 17?
17
Let m be (3 - -1) + -2 - 0. Let j be m*(-37)/2*-1. Let g = -38 - -75. What is the highest common factor of g and j?
37
Let q(y) = -y**3 + 3*y**2 + 4*y + 12. Let l be q(4). Let d be (3 + l)/(25/90). What is the greatest common factor of d and 135?
27
Suppose 5*x - 19*x + 2408 = 0. Suppose -x = -2*g + 3*s, 3*s = -5*g - 2*s + 380. Calculate the greatest common divisor of 15 and g.
5
Let k(r) = -2*r - 34. Let m be k(-15). Let p be 12/m + 4 + (-21)/(-1). Calculate the highest common divisor of 242 and p.
22
Let f be (-115)/(-69)*-3 - (-1)/((-1)/(-6531)). What is the highest common factor of 26 and f?
26
Let t = -84 - -89. Let x(q) = -q**2 + 8*q - 11. Let z be x(t). What is the highest common factor of 44 and z?
4
Suppose -536*p + 31*p + 72215 = 0. Let o be 10/(-6) + (-3)/9. Let z(u) = 4*u**2 + 3*u + 3. Let s be z(o). Calculate the greatest common divisor of s and p.
13
Suppose -7*y + 173 = -422. Suppose 2*a = -3*a + y. Let c be a*2/6 + 44/132. What is the highest common factor of 30 and c?
6
Suppose 3*r - 1375 - 437 = 3*t, 3*t + 3 = 0. What is the greatest common factor of 737 and r?
67
Suppose -4*m - 3*c + 874 = -3722, -3*m + 5*c + 3476 = 0. Calculate the highest common divisor of m and 6768.
144
Suppose -4*t + j + 9 = -1, j = -2. Let x be 5 + ((-22)/t)/(13/(-39)). What is the greatest common divisor of 722 and x?
38
Let b = -14 - -27. Suppose -22*f + 185 = -387. Suppose 7*p = 9*p - f. Calculate the highest common divisor of p and b.
13
Let f = -8212 + 17190. Calculate the greatest common divisor of f and 536.
134
Let q(g) be the third derivative of -g**5/30 + 25*g**4/6 + 40*g**3/3 - 250*g**2. Let l be q(50). What is the greatest common divisor of l and 50?
10
Let m be 56 + 1 + 2/(-2). Suppose 16*o + 20*o = -936. Let n be ((1 + 0)*-7)/(o/26). Calculate the greatest common divisor of m and n.
7
Let v = -14197 - -14368. Calculate the highest common factor of v and 32.
1
Let h = 80 + -64. Suppose 0 = h*u - 0*u - 608. What is the highest common factor of 76 and u?
38
Let c(v) = 68*v + 34. Let w be c(4). Let i = w + -82. Calculate the greatest common factor of 32 and i.
32
Let q(a) = 5*a - 1. Let k = 16 + -15. Let h be q(k). Suppose -6*y + 11*y + 317 = m, -1343 = -h*m + 5*y. Calculate the highest common divisor of 38 and m.
38
Let p be 2/3 - -1*(-4784)/(-24). Calculate the greatest common divisor of p and 160.
40
Suppose -2*x = -l + 22, -16*x = -11*x + 5. What is the highest common divisor of 4 and l?
4
Suppose 10075 = 158*y - 90*y + 1915. Suppose 0 = -w + 78 + 82. What is the greatest common divisor of w and y?
40
Suppose 9*g = -33 + 13 + 29. What is the highest common factor of g and 727?
1
Let c(d) = 43*d - 256. Let b be c(10). What is the highest common divisor of b and 114?
6
Let n(d) = d**2 - 7*d + 7. Suppose o + 14 = 2*q, 2*o - 4 + 20 = 2*q. Let t be n(q). Let v be t + 14 + (5 - 2). What is the greatest common factor of v and 12?
6
Suppose -352 = -22*n + 14*n. Calculate the highest common factor of 11 and n.
11
Suppose 695 = 24*i - 1223 + 334. What is the greatest common divisor of i and 14487?
33
Let g be (1050 + 60)/((-2)/(-3)). What is the greatest common divisor of g and 740?
185
Suppose 7*f - 214 + 186 = 0. Suppose 0 = 3*j + 4*r + 2, -2*j + f*r + 19 = -13. What is the highest common factor of 48 and j?
6
Let q be 1*(-5)/15*-381 - -5. Let n be q/2*(-21)/(-6). Suppose -3*v - v = -132. Calculate the highest common factor of n and v.
33
Suppose -8*l = -l - 7. Let w be -1 + (8/2 - l). What is the highest common divisor of 10 and w?
2
Let f(n) = -n**2 - 17*n - 40. Suppose 2*l + 3*l = -20. Let d be (l/6)/(12/234). Let o be f(d). What is the highest common factor of 9 and o?
3
Let r(j) = -7*j**3 - 3*j**2 + 2*j - 3. Let n be r(2). Let l = n - -220. Calculate the highest common factor of l and 255.
51
Let r(g) = 0 - 2 - 7 + 4 + 116*g. Let n be r(1). What is the greatest common factor of 74 and n?
37
Let l be (-3)/4 + ((-17544)/(-16))/(10 + -4). What is the greatest common divisor of l and 63?
7
Let j be 39 + (-5 - 3) + 6. Let h = j + -19. What is the highest common factor of 30 and h?
6
Let t be 40 - (-15 + 25) - 1. Let v be (-2)/(-2) - (-375 + -1). Calculate the highest common divisor of v and t.
29
Let i(w) = -w**3 - 2*w**2 - 3*w - 4. Let o be i(-2). Let a be (o - 43)*13/(26/(-4)). Calculate the greatest common factor of a and 205.
41
Let a = -204 - -236. Let c(n) = 5*n - 10*n - 19 + 2. Let r be c(-13). Calculate the greatest common divisor of a and r.
16
Let w = 499 - 505. Let v be 34 + 5 + (w + 5 - 2). What is the highest common factor of 24 and v?
12
Suppose -23*x = -19*x + 3*m - 1099, -4*m - 868 = -3*x. What is the highest common divisor of x and 917?
7
Let l(m) = 8*m**3 - m**2 - 9*m + 16. Let q be l(3). Suppose 4*j = 4*n - q - 88, 4*n - 293 = -5*j. Calculate the greatest common factor of n and 9.
9
Suppose t = 3*v + 25, 2*t + 30 = -4*v + 10. What is the highest common factor of 4996 and t?
4
Let o = 8182 + -8050. Suppose 0 = -f - 0*f + 4*l + 15, -5*f + 141 = 2*l. Let a be 6/f - 194/(-18). Calculate the highest common divisor of o and a.
11
Let w(h) = h**2 + h. Let i(f) = -5*f**2 - 17*f + 2. Let j(v) = -i(v) - 4*w(v). Let r be j(-15). What is the greatest common factor of 42 and r?
14
Let a = -49 + 41. Let n(h) = -2*h**2 - 17*h - 4. Let o be n(a). Suppose o*g = 5*w - 300, 4*w - g - 240 = g. What is the highest common divisor of 36 and w?
12
Let g(d) = 3*d**2 + 84. Let i be g(0). Suppose 7*n = -5*n + i. What is the greatest common divisor of 287 and n?
7
Suppose 0 = 19*l - 5945 + 586 - 35928. What is the greatest common factor of 164 and l?
41
Let p be (477/(-2))/((-927)/6180). Suppose -5*g = -u - 2 + 12, -4*u + 124 = g. What is the greatest common factor of p and u?
30
Let l(t) = -11*t + 10. Let y be l(7). Let m be (-1 - 14/(-10)) + y/5. Let n = 27 + m. What is the greatest common divisor of 98 and n?
14
Let w be ((-15)/12*-4)/1. Suppose -6*p = 5*z - p + 10, -w*p - 8 = 3*z. Let j be -6*((-35)/15 - z). What is the highest common factor of 56 and j?
8
Let b be -4 + (0 - 130)/(-13) - -181. What is the greatest common divisor of 1700 and b?
17
Suppose -3*r + 4 = -5. Suppose 0 = -r*z + 110 + 52. Suppose 3*w = -t, 5*w = 6*w + 4. Calculate the greatest common divisor of t and z.
6
Suppose 1507 = -6*y - 5*y. Let p = y - -150. Let q(z) = z**2 - 8*z + 6. Let o be q(11). What is the highest common factor of o and p?
13
Suppose 215 = 5*k - 5*t, 4*t - 38 = 3*k - 4*k. Let q be (-63)/k - (-2)/4. Let i be ((-15)/125*-5)/(q/(-15)). What is the greatest common divisor of i and 9?
9
Let q = -454 - -458. Suppose -615 = -k - 3*r + 350, -q*k = -3*r - 3875. What is the greatest common factor of k and 8?
8
Let i(o) = o**3 + 18*o**2 + 9*o - 55. Let l be i(-15). Calculate the greatest common divisor of 5 and l.
5
Let l be 13 - -3*(2357 + 5). Calculate the greatest common factor of l and 31.
31
Let w(q) = q**2 + q + 21. Let s be w(-7). Let f be -1 + 8 + -10 - -12. What is the highest common divisor of s and f?
9
Let u = -131 + 125. Let y be 28/u*(-41 - -29). What is the greatest common factor of y and 14?
14
Suppose -5*c + 175*r - 178*r = -6747, -5*r = -3*c + 4055. What is the highest common factor of 720 and c?
90
Let g(x) = -x**2 + 25*x + 719. Let o be g(-15). What is the highest common factor of o and 49?
7
Let b = 21 + 46. Suppose -3*u = -n + u + 40, 0 = -2*n - 5*u + b. What is the greatest common factor of 60 and n?
12
Suppose 171 = -2*o + 421. Let u = -44 + o. What is the greatest common factor of u and 18?
9
Suppose 3*h + 2*u = -h + 312, 220 = 3*h + 5*u. What is the highest common factor of h and 256?
16
Let c be (-72)/10*70/(-21). Let x = c - 25. Let s be (-3 + (1 - x))*23/(-1). Calculate the highest common divisor of s and 23.
23
Suppose 5*l - 165 = 70. Let p be (141/(-15))/((-129)/1935). Calculate the greatest common factor of l and p.
47
Let o(u) = u**3 + 16*u**2 - 14*u - 7. Let r be o(-16). Let l = 236 - r. Calculate the highest common divisor of 19 and l.
19
Let y be 2763/15 - (-1)/(-5). Let r = 0 + y. Suppose 2*w - 5*q = 46, -2*w +